{"id":52,"date":"2015-03-12T11:53:48","date_gmt":"2015-03-12T10:53:48","guid":{"rendered":"http:\/\/tabanfesztival.hu\/?page_id=52"},"modified":"2015-04-22T11:29:15","modified_gmt":"2015-04-22T10:29:15","slug":"facebook","status":"publish","type":"page","link":"http:\/\/tabanfesztival.hu\/?page_id=52","title":{"rendered":"Facebook"},"content":{"rendered":"<p>&nbsp;<\/p>\n<p><strong>Tab\u00e1n Fesztiv\u00e1l &#8211; gyere ki a facebook oldalunkra!<\/strong><\/p>\n<p>Mi\u00e9rt olyan legend\u00e1s a Tab\u00e1n? Kik voltak a Tab\u00e1n alap\u00edt\u00f3i, melyek voltak a legeml\u00e9kezetesebb koncertek a Tab\u00e1nban?Mit is jelent az LGT &#8222;Gyere-gyere ki a hegyoldalba&#8221; c\u00edm\u0171 sz\u00e1ma?<\/p>\n<p>A Tab\u00e1n Fesztiv\u00e1l Facebook oldal\u00e1n folyamatos h\u00edrekkel, \u00e9rdekess\u00e9gekkel szolg\u00e1lunk neked \u00e9s bar\u00e1taidnak. <strong><a title=\"Tab\u00e1n Fesztiv\u00e1l a Facebookon!\" href=\"https:\/\/www.facebook.com\/tabanfesztival\" target=\"_blank\">Like-old oldalunkat \u00e9s h\u00edvd meg ismer\u0151seidet is!<\/a><\/strong><\/p>\n<p><a href=\"https:\/\/www.facebook.com\/tabanfesztival\" target=\"_blank\"><img loading=\"lazy\" class=\"alignnone  wp-image-57\" src=\"http:\/\/tabanfesztival.hu\/wp-content\/uploads\/tabanfesztival_facebook_big.jpg\" alt=\"tabanfesztival_facebook_big\" width=\"1196\" height=\"598\" srcset=\"http:\/\/tabanfesztival.hu\/wp-content\/uploads\/tabanfesztival_facebook_big.jpg 1000w, http:\/\/tabanfesztival.hu\/wp-content\/uploads\/tabanfesztival_facebook_big-300x150.jpg 300w\" sizes=\"(max-width: 1196px) 100vw, 1196px\" \/><\/a><\/p>\n<p>&nbsp;<\/p>\n","protected":false},"excerpt":{"rendered":"<p>&nbsp; Tab\u00e1n Fesztiv\u00e1l &#8211; gyere ki a facebook oldalunkra! Mi\u00e9rt olyan legend\u00e1s a Tab\u00e1n? Kik voltak a Tab\u00e1n alap\u00edt\u00f3i, melyek voltak a legeml\u00e9kezetesebb koncertek a Tab\u00e1nban?Mit is jelent az LGT &#8222;Gyere-gyere ki a hegyoldalba&#8221; c\u00edm\u0171 sz\u00e1ma? A Tab\u00e1n Fesztiv\u00e1l Facebook oldal\u00e1n folyamatos h\u00edrekkel, \u00e9rdekess\u00e9gekkel szolg\u00e1lunk neked \u00e9s bar\u00e1taidnak. Like-old oldalunkat \u00e9s h\u00edvd meg ismer\u0151seidet is!<a href=\"http:\/\/tabanfesztival.hu\/?page_id=52\">[&#8230;]<\/a><\/p>\n","protected":false},"author":1,"featured_media":0,"parent":0,"menu_order":0,"comment_status":"closed","ping_status":"open","template":"template-fullwidth.php","meta":[],"_links":{"self":[{"href":"http:\/\/tabanfesztival.hu\/index.php?rest_route=\/wp\/v2\/pages\/52"}],"collection":[{"href":"http:\/\/tabanfesztival.hu\/index.php?rest_route=\/wp\/v2\/pages"}],"about":[{"href":"http:\/\/tabanfesztival.hu\/index.php?rest_route=\/wp\/v2\/types\/page"}],"author":[{"embeddable":true,"href":"http:\/\/tabanfesztival.hu\/index.php?rest_route=\/wp\/v2\/users\/1"}],"replies":[{"embeddable":true,"href":"http:\/\/tabanfesztival.hu\/index.php?rest_route=%2Fwp%2Fv2%2Fcomments&post=52"}],"version-history":[{"count":9,"href":"http:\/\/tabanfesztival.hu\/index.php?rest_route=\/wp\/v2\/pages\/52\/revisions"}],"predecessor-version":[{"id":80,"href":"http:\/\/tabanfesztival.hu\/index.php?rest_route=\/wp\/v2\/pages\/52\/revisions\/80"}],"wp:attachment":[{"href":"http:\/\/tabanfesztival.hu\/index.php?rest_route=%2Fwp%2Fv2%2Fmedia&parent=52"}],"curies":[{"name":"wp","href":"https:\/\/api.w.org\/{rel}","templated":true}]}}

<p>&nbsp;</p>
<p><strong>Tabán Fesztivál &#8211; gyere ki a facebook oldalunkra!</strong></p>
<p>Miért olyan legendás a Tabán? Kik voltak a Tabán alapítói, melyek voltak a legemlékezetesebb koncertek a Tabánban?Mit is jelent az LGT &#8222;Gyere-gyere ki a hegyoldalba&#8221; című száma?</p>
<p>A Tabán Fesztivál Facebook oldalán folyamatos hírekkel, érdekességekkel szolgálunk neked és barátaidnak. <strong><a title="Tabán Fesztivál a Facebookon!" href="https://www.facebook.com/tabanfesztival" target="_blank">Like-old oldalunkat és hívd meg ismerőseidet is!</a></strong></p>
<p><a href="https://www.facebook.com/tabanfesztival" target="_blank"><img loading="lazy" class="alignnone  wp-image-57" src="http://tabanfesztival.hu/wp-content/uploads/tabanfesztival_facebook_big.jpg" alt="tabanfesztival_facebook_big" width="1196" height="598" srcset="http://tabanfesztival.hu/wp-content/uploads/tabanfesztival_facebook_big.jpg 1000w, http://tabanfesztival.hu/wp-content/uploads/tabanfesztival_facebook_big-300x150.jpg 300w" sizes="(max-width: 1196px) 100vw, 1196px" /></a></p>
<p>&nbsp;</p>

<p>&nbsp; Tabán Fesztivál &#8211; gyere ki a facebook oldalunkra! Miért olyan legendás a Tabán? Kik voltak a Tabán alapítói, melyek voltak a legemlékezetesebb koncertek a Tabánban?Mit is jelent az LGT &#8222;Gyere-gyere ki a hegyoldalba&#8221; című száma? A Tabán Fesztivál Facebook oldalán folyamatos hírekkel, érdekességekkel szolgálunk neked és barátaidnak. Like-old oldalunkat és hívd meg ismerőseidet is!<a href="http://tabanfesztival.hu/?page_id=52">[&#8230;]</a></p>
